 + (0 - -3).
5
Calculate (-4 - -1 - 5) + 5.
-3
15 - 15 - ((-2 - -2) + 9)
-9
5 + 4 + 5 + -8 + 0
6
What is the value of -10 - -2 - ((-6 - -9) + -6)?
-5
What is the value of -17 - (-9 + 7 + -9)?
-6
5 - (4 - 2) - (-6 - -11)
-2
What is (-1 + 0 - -3) + -11 + 14?
5
(2 - (4 + -3)) + -4
-3
What is the value of (-6 - -5) + (-1 + 1 - -1)?
0
Evaluate (4 + 3 - 2) + -5.
0
What is the value of (0 + 10 - 5) + -3?
2
What is -4 - (-7 - -15 - 12)?
0
What is the value of 4 + -8 + -8 - -3?
-9
9 + (-1 - -1 - 7)
2
Evaluate (1 - 0 - 0) + 0.
1
Calculate 3 + (-5 - -3) + -4.
-3
7 - 11 - (-3 - -3)
-4
What is (-2 - 0) + (1 - 0)?
-1
What is (0 - (1 + 3)) + 2 + 0?
-2
What is -4 + 1 + 2 + (1 - -2)?
2
Evaluate -5 - (-1 + 5) - -11.
2
Calculate -10 - (4 + (-20 - (-9 + 1))).
-2
5 - (12 + (2 - 3))
-6
4 + 0 - (13 + -15 + 6)
0
Calculate -4 + (3 + -1 + 1 - 5).
-6
What is the value of 3 - ((5 - 0 - 1) + -3)?
2
Evaluate 11 + (-16 - 3 - 2).
-10
What is -3 + (-3 + 3 - -4)?
1
What is -1 - ((1 - 4) + 2) - 2?
-2
What is the value of (2 - 3) + -2 + (-4 - -3)?
-4
Evaluate (3 + -7 - -6) + -1 + -3.
-2
What is the value of -3 + -8 + -1 + 2 + 4?
-6
What is 1 + -3 + (-17 - (-24 - -6))?
-1
(5 - -6) + 0 + -6
5
Evaluate -54 + 51 + (1 - 0).
-2
-7 - -6 - -1 - (1 + 0)
-1
(-10 - 2) + 5 + 10
3
Calculate -4 - 0 - (-4 + -1) - 6.
-5
Calculate 8 - (-4 + 7) - 1.
4
Calculate 7 + -12 + (2 - -12).
9
What is the value of 0 + -1 + (-2 - (-10 - -2))?
5
3 + -1 + -1 + -4 + 3
0
Evaluate 4 + (1 - 4) - (-12 - -18).
-5
12 - ((13 - -7) + -3)
-5
What is the value of (-4 - -2 - 2) + (-5 - -5)?
-4
-1 + (4 - 7) + 0 + 5
1
Calculate 0 + (3 - (-6 - -4)).
5
What is 10 + -7 + 2 + -3?
2
Evaluate -3 - (5 - (-2 + 2) - 8).
0
What is the value of -8 + -1 + 3 - -15 - 8?
1
What is -16 + 14 + 12 + -1?
9
Calculate -3 + 4 + -9 + 0.
-8
Calculate -2 + (6 + -1 - (18 + -16)).
1
What is -6 + 3 + 3 + 1 + 1?
2
What is 6 - (-6 + 3 + 3)?
6
Calculate -6 + 2 + (1 - -4) - -2.
3
-2 - (3 + (-3 - (-2 + 6)))
2
Calculate 9 + (-4 - -3) + -2.
6
Calculate 0 + -1 - (-1 + 6 + -3).
-3
Calculate 13 + -11 + 1 + (-1 - -2).
4
Evaluate 1 + (5 - -4 - 4) + -4.
2
Calculate (-4 - -1) + (-7 - -9) - 4.
-5
Calculate 11 + (-10 - -4 - -2) - 2.
5
What is 10 + (-11 - (4 - 6) - -4)?
5
Evaluate -2 + 5 + -3 + 2 + -1.
1
What is the value of -9 - -3 - -3 - (-3 - 0)?
0
What is the value of -4 - (0 - 3) - -2?
1
What is the value of 1 + 0 - (-72 + 77)?
-4
What is -6 + (-1 - (4 - 10)) + -3?
-4
Calculate 10 + (0 - 11) + (-5 - 0).
-6
What is 4 + 1 - (-8 + 8 + 8)?
-3
Calculate 7 - ((-2 - -1) + 27 + -27).
8
What is -8 - (-5 + -2 + -4)?
3
What is the value of 5 + -1 + (27 - 36)?
-5
Calculate 1 - (1 + 1 + (4 - 3)).
-2
What is the value of 1 - -5 - (5 + -18 - -19)?
0
Calculate (-9 - -1) + (-37 - -19 - -17).
-9
-5 + (10 + 3 - 6)
2
4 - ((1 - -6) + 1 + -5)
1
Evaluate -10 + 5 + -1 + 10 + -6.
-2
Evaluate 6 + -8 + 4 + 3 + -8.
-3
Calculate -3 + 5 - (3 - 0 - 3).
2
What is the value of (1 - -3 - 9) + 2 - -2?
-1
Evaluate 2 + -11 + (4 - 0).
-5
Calculate 55 + -52 - (-1 - 2).
6
Evaluate -6 - (-5 - -6) - (2 - 6).
-3
Evaluate 2 + (8 - 4 - 0).
6
What is the value of 3 + -1 + (-7 - (13 + -15))?
-3
0 + (3 - 4) + (-11 - -9)
-3
What is the value of 13 + (-8 - (7 - (-4 + 11)))?
5
What is 2 + 0 - 2 - 5?
-5
5 - (0 + 10 - 7)
2
-2 + -3 + 9 + -8
-4
What is the value of 4 - 0 - -2 - (18 - 13)?
1
What is the value of 1 + (-3 - (3 + -11))?
6
Calculate 64 + -57 + (-2 - (0 - 2)).
7
Calculate 8 + -1 + -1 - (19 + -17).
4
Evaluate -150 + 149 + (-1 - -2).
0
0 + -8 + 4 + 5
1
What is the value of 1 + (5 + -1 - 3)?
2
3 + 2 - (-13 - -21)
-3
What is 103 - 101 - (-1 + 3 + 4)?
-4
What is 3 - (5 + -7 + 8)?
-3
Calculate (6 - 3) + -6 - -1 - 1.
-3
-1 + 2 + -7 + (29 - 17)
6
(5 + -8 - (6 - 4)) + -1
-6
What is the value of 0 + 0 + 3 + 7 + -4?
6
What is (0 - -2) + -2 - (2 - 2)?
0
-2 + -1 + (1 - -5) + -5
-2
What is 1 - (4 + -3 + 5 + -3)?
-2
Evaluate 1 - 0 - (6 - (6 + -4)).
-3
Evaluate (20 - 13) + 6 + -23.
-10
What is 0 - -12 - (155 + -148)?
5
What is the value of 11 - 18 - (-3 + -2)?
-2
7 - (2 + 0 + 0)
5
Calculate -11 - -19 - (3 - -5).
0
What is the value of 4 + (2 - 8 - 2)?
-4
3 + -4 + 2 + 3
4
-25 - -27 - (0 + -2)
4
1 + 2 + -4 + 18 + -12
5
What is the value of (4 - 5) + 1 + (-2 - -1)?
-1
-3 - -5 - (1 + -4)
5
What is the value of (-1 - 9) + 2 + (22 - 17)?
-3
What is the value of 4 + (0 - ((-1 - -1) + -2))?
6
What is -4 - (-3 + 0 - 5 - -1)?
3
Evaluate (-3 - 1) + (7 - (-8 - -14)).
-3
Evaluate 102 + -94 - (2 - 5).
11
Evaluate -4 + -2 + (-2 - -5) + 6.
3
Evaluate 1 + -2 - (-14 + 10).
3
What is -1 + -4 - -6 - 3?
-2
Calculate (4 - -2) + (1 - 2).
5
What is the value of 4 - (-1 + (-1 - (1 + -3)))?
4
Evaluate -2 - 4 - (-2 - 2).
-2
What is -36 - -34 - (1 - 1)?
-2
What is the value of -4 - -1 - (-26 - -22)?
1
7 + 11 + -11 + -11
-4
What is 13 + -9 + (-9 - -12)?
7
Calculate (2 - 2) + (-63 - -61).
-2
-9 + (-3 - -7) - -4
-1
What is 1 - 0 - (4 + -8 + 6)?
-1
What is the value of 10 - 10 - (-1 - -1)?
0
20 + -27 - (-13 + -1)
7
0 - -10 - (67 - 66)
9
What is 6 + 0 + -8 + -3?
-5
What is (17 - 10) + -8 - -1?
0
What is the value of -2 + (-10 - -3 - -4)?
-5
Evaluate -8 - (9 + -5 + -20 - -3).
5
1 - ((6 - -1) + -8) - -5
7
What is 3 + -4 - -9 - 11?
-3
12 - (17 + -3 - 9)
7
Calculate -6 - -15 - (1 + 4).
4
Calculate 0 + -15 + 8 + 0.
-7
What is the value of 5 + -9 + -10 + 16?
2
What is (3 - -1) + -4 + 0 - 5?
-5
Evaluate (5 - (7 + 4)) + 4.
-2
Evaluate 10 - (-5 - -2 - (-22 + 18)).
9
(-4 - -6) + -4 + 6
4
3 - (-3 + 15 - 19)
10
What is 4 - ((3 - 2 - -2) + -2)?
3
Calculate (-2 + -2 + -3 - -3) + 1.
-3
What is (9 - 5) + -8 - -1?
-3
What is the value of 11 + -8 - (0 + (2 - -6))?
-5
What is the value of -5 + -5 - (34 + -53)?
9
(3 + -8 - (1 + -4)) + -2
-4
Calculate -1 - (2 + -4 + 0) - -4.
5
Calculate (-1 - (-4 + 0)) + 1 - 4.
0
What is -55 + 51 + 1 + -1?
-4
(-7 - (-1 + -1)) + -1 + 2
-4
-1 + -1 + 9 + -5
2
Calculate (2 - (2 + 7 + -2)) + 5.
0
1 - 4 - (0 + 6) - -3
-6
What is (3 - (6 + -3)) + 1?
1
What is the value of 11 - (-4 - 4 - -11) - -1?
9
Calculate 0 + (-8 + 2 - (-3 - -1)).
-4
Calculate (1 - -6) + -6 + -3.
-2
What is the value of (-1 - -12 - 5) + -1 + -2?
3
What is the value of -7 + 1 - (7 - (24 - 7))?
4
Evaluate 7 + -6 + (0 - -1 - 5).
-3
Calculate -6 + 4 + 4 + -4.
-2
Evaluate -3 + -2 + 0 + 8 + 1.
4
What is the value of (3 - (0 - (2 - 3))) + -3?
-1
What is (-4 - -3) + -1 + 4?
2
What is the value of -1 - (5 - (-7 - -3 - -4))?
-6
What is the value of (366 - 369) + (1 + 0 - 8)?
-10
Evaluate -5 + (6 - -4) - 8.
-3
Calculate 3 + (15 - 10) + (0 - 4).
4
What is the value of -3 + 10 + (0 - (4 - 2))?
5
Calculate 1 - -2 - (11 + -5) - -2.
-1
Evaluate 1 - (-7 + 18 - 6).
-4
What is 6 + (-7 - (-4 + -4 + 2))?
5
-15 - -14 - (0 - -1)
-2
0 - (-5 - -8) - (0 - 8)
5
Calculate -1 + -8 + 5 - -8 - -7.
11
Calculate (-60 - -48) + (0 - -2).
-10
What is 0 - (-10 - (-1 - (-3 + 5)))?
7
Evaluate 3 + -11 + 5 - -4.
1
What is -5 + 1 - 0 - -5?
1
What is 1 + (-1 - -4) + -9 + 7?
2
What is (11 - 0) + (-96 - -79)?
-6
Evaluate 6 - (-6 - ((-4 - -8) + -11)).
5
What is the value of -9 + (3 - (-1 + 0))?
-5
What is (1 + -3 - 0) + 4?
2
What is the value of 6 - (-3 - -5) - (-5 - -7)?
2
Calculate -1 - (0 + -2 + 1) - -5.
5
Evaluate (5 + -15 - -19) + -5.
4
What is (0 - (-2 - -5) - -4) + 0?
1
Calculate -10 + 5 + -6 + 8.
-3
What is the value of -20 + 17 - (0 + 1 - 2)?
-2
12 + (0 - (-2 - -12))
2
Calculate -2 - (-6 - -1 - -3).
0
Evaluate 6 + (7 + -17 - (-1 + 5)).
-8
4 - (6 - (0 - -4)) - 6
-4
(7 + 10 - 15) + -2 + 5
5
-2 - (5 + -5 + -2)
0
What is 0 - (1 + 1 - (-4 + -1))?
-7
2 - ((1 - -3) + -4)
2
(12 + 3 + -1 - 5) + -2
7
Evaluate 2 - -4 - 8 - (3 + -4).
-1
What is the value of -1 + -13 + 5 + 3?
-6
-2 - (4 + -1 - 8)
3
(6 - 11) + -2 - (-5 + -2)
0
What is 2 - (6 - (2 + (1 - 1)))?
-2
Calculate -5 - -8 - ((1 - -2) + 5).
-5
(-1 - (-2 + 4)) + (-17 - -23)
3
Evaluate 3 - (7 + 2 - 3).
-3
What is (4 - 7 - 0) + -5?
-8
What is -43 + 46 + (1 - 7)?
-3
-3 + 2 + 1 + 1 + -3
-2
What is (6 - (8 - (2 - -8))) + -1?
7
Evaluate 3 - 10 - -6 - (1 - 0).
-2
17 + -10 - (5 - -9)
-7
5 - 2 - (13 + -7)
-3
Calculate (0 - 0) + 5 + (69 - 75).
-1
Calculate -4 - -3 - (1 + (3 - 1)).
-4
What is 9 - 3 - 13 - -3?
-4
Calculate 2 - -2 - (3 - 3 - -3).
1
5 - (-2 + 1 + 2)
4
2 - 5 - -14 - 4
7
Calculate -9 + (13 - 6) + 3.
1
Evaluate (-12 - -9) + 3 + 1 - 4.
-3
What is (-2 - 0) + -2 + 2?
-